{"id":2141,"date":"2014-01-24T08:29:36","date_gmt":"2014-01-24T08:29:36","guid":{"rendered":"http:\/\/aldebro.hu\/?page_id=2141"},"modified":"2017-01-25T13:35:08","modified_gmt":"2017-01-25T13:35:08","slug":"aldebro-kozseg-onkormanyzatanak-2014-evi-feladat-ules-es-rendezvenyterve","status":"publish","type":"page","link":"http:\/\/aldebro.hu\/en\/onkormanyzat\/beszamolo-munkaterv\/aldebro-kozseg-onkormanyzatanak-2014-evi-feladat-ules-es-rendezvenyterve\/","title":{"rendered":"(Magyar) Aldebr\u0151 k\u00f6zs\u00e9g \u00d6nkorm\u00e1nyzat\u00e1nak 2014. \u00e9vi Feladat-, \u00dcl\u00e9s- \u00e9s Rendezv\u00e9nyterve"},"content":{"rendered":"<p class=\"qtranxs-available-languages-message qtranxs-available-languages-message-en\">Sorry, this entry is only available in <a href=\"http:\/\/aldebro.hu\/hu\/wp-json\/wp\/v2\/pages\/2141\" class=\"qtranxs-available-language-link qtranxs-available-language-link-hu\" title=\"Magyar\">Magyar<\/a>.<\/p>","protected":false},"excerpt":{"rendered":"<p>Sorry, this entry is only available in Magyar.<\/p>\n","protected":false},"author":1,"featured_media":0,"parent":1683,"menu_order":0,"comment_status":"closed","ping_status":"closed","template":"","meta":{"footnotes":""},"class_list":["post-2141","page","type-page","status-publish","hentry"],"_links":{"self":[{"href":"http:\/\/aldebro.hu\/en\/wp-json\/wp\/v2\/pages\/2141","targetHints":{"allow":["GET"]}}],"collection":[{"href":"http:\/\/aldebro.hu\/en\/wp-json\/wp\/v2\/pages"}],"about":[{"href":"http:\/\/aldebro.hu\/en\/wp-json\/wp\/v2\/types\/page"}],"author":[{"embeddable":true,"href":"http:\/\/aldebro.hu\/en\/wp-json\/wp\/v2\/users\/1"}],"replies":[{"embeddable":true,"href":"http:\/\/aldebro.hu\/en\/wp-json\/wp\/v2\/comments?post=2141"}],"version-history":[{"count":2,"href":"http:\/\/aldebro.hu\/en\/wp-json\/wp\/v2\/pages\/2141\/revisions"}],"predecessor-version":[{"id":3185,"href":"http:\/\/aldebro.hu\/en\/wp-json\/wp\/v2\/pages\/2141\/revisions\/3185"}],"up":[{"embeddable":true,"href":"http:\/\/aldebro.hu\/en\/wp-json\/wp\/v2\/pages\/1683"}],"wp:attachment":[{"href":"http:\/\/aldebro.hu\/en\/wp-json\/wp\/v2\/media?parent=2141"}],"curies":[{"name":"wp","href":"https:\/\/api.w.org\/{rel}","templated":true}]}}

(Magyar) Aldebrő község Önkormányzatának 2014. évi Feladat-, Ülés- és Rendezvényterve
