{"id":4220,"date":"2018-08-03T09:30:50","date_gmt":"2018-08-03T09:30:50","guid":{"rendered":"http:\/\/aldebro.hu\/?page_id=4220"},"modified":"2018-09-17T12:33:05","modified_gmt":"2018-09-17T12:33:05","slug":"hagyomanyos-svab-etelek-fesztivalja-2018","status":"publish","type":"page","link":"http:\/\/aldebro.hu\/en\/hagyomanyos-svab-etelek-fesztivalja-2018\/","title":{"rendered":"(Magyar) Hagyom\u00e1nyos sv\u00e1b \u00e9telek fesztiv\u00e1lja 2018"},"content":{"rendered":"<p class=\"qtranxs-available-languages-message qtranxs-available-languages-message-en\">Sorry, this entry is only available in <a href=\"http:\/\/aldebro.hu\/hu\/wp-json\/wp\/v2\/pages\/4220\" class=\"qtranxs-available-language-link qtranxs-available-language-link-hu\" title=\"Magyar\">Magyar<\/a>.<\/p>","protected":false},"excerpt":{"rendered":"<p>Sorry, this entry is only available in Magyar.<\/p>\n","protected":false},"author":1,"featured_media":0,"parent":0,"menu_order":0,"comment_status":"closed","ping_status":"closed","template":"","meta":{"footnotes":""},"class_list":["post-4220","page","type-page","status-publish","hentry"],"_links":{"self":[{"href":"http:\/\/aldebro.hu\/en\/wp-json\/wp\/v2\/pages\/4220","targetHints":{"allow":["GET"]}}],"collection":[{"href":"http:\/\/aldebro.hu\/en\/wp-json\/wp\/v2\/pages"}],"about":[{"href":"http:\/\/aldebro.hu\/en\/wp-json\/wp\/v2\/types\/page"}],"author":[{"embeddable":true,"href":"http:\/\/aldebro.hu\/en\/wp-json\/wp\/v2\/users\/1"}],"replies":[{"embeddable":true,"href":"http:\/\/aldebro.hu\/en\/wp-json\/wp\/v2\/comments?post=4220"}],"version-history":[{"count":6,"href":"http:\/\/aldebro.hu\/en\/wp-json\/wp\/v2\/pages\/4220\/revisions"}],"predecessor-version":[{"id":4311,"href":"http:\/\/aldebro.hu\/en\/wp-json\/wp\/v2\/pages\/4220\/revisions\/4311"}],"wp:attachment":[{"href":"http:\/\/aldebro.hu\/en\/wp-json\/wp\/v2\/media?parent=4220"}],"curies":[{"name":"wp","href":"https:\/\/api.w.org\/{rel}","templated":true}]}}

(Magyar) Hagyományos sváb ételek fesztiválja 2018
