{"id":8412,"date":"2024-09-25T20:50:48","date_gmt":"2024-09-25T19:50:48","guid":{"rendered":"http:\/\/aldebro.hu\/?page_id=8412"},"modified":"2025-01-03T11:23:54","modified_gmt":"2025-01-03T10:23:54","slug":"2024-evi-kepviselotestuleti-ulesek-nyilt-jegyzokonyvei","status":"publish","type":"page","link":"http:\/\/aldebro.hu\/en\/2024-evi-kepviselotestuleti-ulesek-nyilt-jegyzokonyvei\/","title":{"rendered":"2024. \u00e9vi K\u00e9pvisel\u0151test\u00fcleti \u00fcl\u00e9sek ny\u00edlt jegyz\u0151k\u00f6nyvei"},"content":{"rendered":"\n<p><strong>Aldebr\u0151 k\u00f6zs\u00e9g K\u00e9pvisel\u0151test\u00fclet\u00e9nek 2024. \u00e9vben megtartott ny\u00edlt \u00fcl\u00e9sei<\/strong>:<\/p>\n\n\n\n<p><a href=\"http:\/\/aldebro.hu\/wp-content\/uploads\/2024\/09\/Aldebro-2024.01.11.-nyilvanos-ules-jkv.pdf\">2024. janu\u00e1r 11.<\/a><\/p>\n\n\n\n<p><a href=\"http:\/\/aldebro.hu\/wp-content\/uploads\/2024\/09\/Aldebro-2024.02.6.-nyilv.-jkv.pdf\">2024. febru\u00e1r 06.<\/a><\/p>\n\n\n\n<p><a href=\"http:\/\/aldebro.hu\/wp-content\/uploads\/2024\/09\/Aldebro-2024.03.12.-nyilv.-jkv.pdf\">2024. m\u00e1rcius 12.<\/a><\/p>\n\n\n\n<p><a href=\"http:\/\/aldebro.hu\/wp-content\/uploads\/2024\/09\/Aldebro-2024.04.04.-nyilv.-jkv.pdf\">2024. \u00e1prilis 04.<\/a><\/p>\n\n\n\n<p><a href=\"http:\/\/aldebro.hu\/wp-content\/uploads\/2024\/09\/Aldebro-2024-04-17-nyilt-ules-jkv.pdf\">2024. \u00e1prilis 17.<\/a><\/p>\n\n\n\n<p><a href=\"http:\/\/aldebro.hu\/wp-content\/uploads\/2024\/09\/Aldebro-2024.05.02.-nyilv.-jkv.pdf\">2024. m\u00e1jus 02.<\/a><\/p>\n\n\n\n<p><a href=\"http:\/\/aldebro.hu\/wp-content\/uploads\/2024\/09\/Aldebro-2024.05.28.-nyilv.-jkv.pdf\">2024. m\u00e1jus 28.<\/a><\/p>\n\n\n\n<p><a href=\"http:\/\/aldebro.hu\/wp-content\/uploads\/2024\/09\/Aldebro-2024.06.20.-nyilv.-jkv.pdf\">2024. j\u00fanius 20.<\/a><\/p>\n\n\n\n<p><a href=\"http:\/\/aldebro.hu\/wp-content\/uploads\/2024\/09\/Aldebro-2024.07.24.-nyilv.-jkv.pdf\">2024. j\u00falius 24.<\/a><\/p>\n\n\n\n<p><a href=\"http:\/\/aldebro.hu\/wp-content\/uploads\/2025\/01\/Jkv_Aldebro_kozmeghallgatas_20240815.pdf\">2024. augusztus 15.<\/a><\/p>\n\n\n\n<p><a href=\"http:\/\/aldebro.hu\/wp-content\/uploads\/2025\/01\/Jkv_Aldebro_20240902_nyilt.pdf\">2024. szeptember 02.<\/a><\/p>\n\n\n\n<p><a href=\"http:\/\/aldebro.hu\/wp-content\/uploads\/2025\/01\/Jkv_Aldebro_20240924_nyilt.pdf\">2024. szeptember 24.<\/a><\/p>\n\n\n\n<p><a href=\"http:\/\/aldebro.hu\/wp-content\/uploads\/2025\/01\/Jkv_Aldebro_20241014_alakulo.pdf\">2024. okt\u00f3ber 14.<\/a><\/p>\n\n\n\n<p><a href=\"http:\/\/aldebro.hu\/wp-content\/uploads\/2025\/01\/Jkv_Aldebro_20241210_nyilt.pdf\">2024. december 10.<\/a><\/p>\n\n\n\n<p><strong>Aldebr\u0151-K\u00e1polna-T\u00f3falu \u00d6nkorm\u00e1nyzat K\u00e9pvisel\u0151test\u00fcletek 2024. \u00e9vben megtartott egy\u00fcttes \u00fcl\u00e9sei:<\/strong><\/p>\n\n\n\n<p><a href=\"http:\/\/aldebro.hu\/wp-content\/uploads\/2024\/09\/Egyuttes-2024.04.17.-nyilv.-jkv.pdf\">2024. \u00e1prilis 17.<\/a><\/p>\n\n\n\n<p><a href=\"http:\/\/aldebro.hu\/wp-content\/uploads\/2024\/09\/Egyuttes-2024.05.15.pdf\">2024. m\u00e1jus 15.<\/a><\/p>\n","protected":false},"excerpt":{"rendered":"<p>Aldebr\u0151 k\u00f6zs\u00e9g K\u00e9pvisel\u0151test\u00fclet\u00e9nek 2024. \u00e9vben megtartott ny\u00edlt \u00fcl\u00e9sei: 2024. janu\u00e1r 11. 2024. febru\u00e1r 06. 2024. m\u00e1rcius 12. 2024. \u00e1prilis 04&#8230;.<\/p>\n","protected":false},"author":1,"featured_media":0,"parent":0,"menu_order":0,"comment_status":"closed","ping_status":"closed","template":"","meta":{"footnotes":""},"class_list":["post-8412","page","type-page","status-publish","hentry"],"_links":{"self":[{"href":"http:\/\/aldebro.hu\/en\/wp-json\/wp\/v2\/pages\/8412","targetHints":{"allow":["GET"]}}],"collection":[{"href":"http:\/\/aldebro.hu\/en\/wp-json\/wp\/v2\/pages"}],"about":[{"href":"http:\/\/aldebro.hu\/en\/wp-json\/wp\/v2\/types\/page"}],"author":[{"embeddable":true,"href":"http:\/\/aldebro.hu\/en\/wp-json\/wp\/v2\/users\/1"}],"replies":[{"embeddable":true,"href":"http:\/\/aldebro.hu\/en\/wp-json\/wp\/v2\/comments?post=8412"}],"version-history":[{"count":16,"href":"http:\/\/aldebro.hu\/en\/wp-json\/wp\/v2\/pages\/8412\/revisions"}],"predecessor-version":[{"id":8583,"href":"http:\/\/aldebro.hu\/en\/wp-json\/wp\/v2\/pages\/8412\/revisions\/8583"}],"wp:attachment":[{"href":"http:\/\/aldebro.hu\/en\/wp-json\/wp\/v2\/media?parent=8412"}],"curies":[{"name":"wp","href":"https:\/\/api.w.org\/{rel}","templated":true}]}}

2024. évi Képviselőtestületi ülések nyílt jegyzőkönyvei

<p><strong>Aldebrő község Képviselőtestületének 2024. évben megtartott nyílt ülései</strong>:</p>



<p><a href="http://aldebro.hu/wp-content/uploads/2024/09/Aldebro-2024.01.11.-nyilvanos-ules-jkv.pdf">2024. január 11.</a></p>



<p><a href="http://aldebro.hu/wp-content/uploads/2024/09/Aldebro-2024.02.6.-nyilv.-jkv.pdf">2024. február 06.</a></p>



<p><a href="http://aldebro.hu/wp-content/uploads/2024/09/Aldebro-2024.03.12.-nyilv.-jkv.pdf">2024. március 12.</a></p>



<p><a href="http://aldebro.hu/wp-content/uploads/2024/09/Aldebro-2024.04.04.-nyilv.-jkv.pdf">2024. április 04.</a></p>



<p><a href="http://aldebro.hu/wp-content/uploads/2024/09/Aldebro-2024-04-17-nyilt-ules-jkv.pdf">2024. április 17.</a></p>



<p><a href="http://aldebro.hu/wp-content/uploads/2024/09/Aldebro-2024.05.02.-nyilv.-jkv.pdf">2024. május 02.</a></p>



<p><a href="http://aldebro.hu/wp-content/uploads/2024/09/Aldebro-2024.05.28.-nyilv.-jkv.pdf">2024. május 28.</a></p>



<p><a href="http://aldebro.hu/wp-content/uploads/2024/09/Aldebro-2024.06.20.-nyilv.-jkv.pdf">2024. június 20.</a></p>



<p><a href="http://aldebro.hu/wp-content/uploads/2024/09/Aldebro-2024.07.24.-nyilv.-jkv.pdf">2024. július 24.</a></p>



<p><a href="http://aldebro.hu/wp-content/uploads/2025/01/Jkv_Aldebro_kozmeghallgatas_20240815.pdf">2024. augusztus 15.</a></p>



<p><a href="http://aldebro.hu/wp-content/uploads/2025/01/Jkv_Aldebro_20240902_nyilt.pdf">2024. szeptember 02.</a></p>



<p><a href="http://aldebro.hu/wp-content/uploads/2025/01/Jkv_Aldebro_20240924_nyilt.pdf">2024. szeptember 24.</a></p>



<p><a href="http://aldebro.hu/wp-content/uploads/2025/01/Jkv_Aldebro_20241014_alakulo.pdf">2024. október 14.</a></p>



<p><a href="http://aldebro.hu/wp-content/uploads/2025/01/Jkv_Aldebro_20241210_nyilt.pdf">2024. december 10.</a></p>



<p><strong>Aldebrő-Kápolna-Tófalu Önkormányzat Képviselőtestületek 2024. évben megtartott együttes ülései:</strong></p>



<p><a href="http://aldebro.hu/wp-content/uploads/2024/09/Egyuttes-2024.04.17.-nyilv.-jkv.pdf">2024. április 17.</a></p>



<p><a href="http://aldebro.hu/wp-content/uploads/2024/09/Egyuttes-2024.05.15.pdf">2024. május 15.</a></p>

<p>Aldebrő község Képviselőtestületének 2024. évben megtartott nyílt ülései: 2024. január 11. 2024. február 06. 2024. március 12. 2024. április 04&#8230;.</p>
